What is 0 + -2 + (1 - -2)?
1
Calculate (-1 - -2 - (0 + 3)) + -3.
-5
What is -4 - (4 - (15 - 7))?
0
What is 22 + -18 + (0 + 2 - 1)?
5
-2 - 6 - (6 + -10) - -3
-1
What is the value of -1 + 14 - (246 - 236)?
3
Calculate -9 + (2 + 13 - (1 - -5)).
0
What is the value of -3 - -4 - (-1 + 1)?
1
1 + 1 + -2 + -4 + 3
-1
Evaluate 4 - 0 - (4 - (2 - -1)).
3
What is -3 + 2 - ((-8 - -10) + -3)?
0
-1 + -2 + -5 + 9
1
What is the value of 1 + (3 + -1 - 11) + 2?
-6
What is the value of -4 - (20 + -17 - (11 - 0))?
4
Evaluate -5 + (7 - 10) + 7.
-1
Evaluate (1 - 7) + 14 + -13.
-5
What is (4 - -2) + 6 + -7?
5
Calculate (-6 - -3) + 5 - (2 - -1).
-1
Evaluate 10 + -3 - (0 - (6 - 10)).
3
What is the value of 4 + (-1 + -4 - (1 + 1))?
-3
-7 + 3 + -4 + (0 - -1)
-7
-3 - -7 - (6 - -1)
-3
Evaluate 2 + 3 + -4 + 1.
2
Calculate (8 - 19) + (-4 - (-3 + -7)).
-5
What is 0 + 3 - (-3 - (1 - 5))?
2
What is -5 + 4 + 1 + -3?
-3
Evaluate -8 + (-11 - -11) + 14.
6
Calculate 4 + 7 + -7 - 3.
1
What is the value of (0 - -7) + (20 - -1) + -17?
11
Evaluate 3 + -1 + (-4 + 1 - -1).
0
-1 + 9 + -15 - -11
4
Calculate 520 - 522 - (-3 + (-1 - -1)).
1
Calculate (-1 - -5) + -4 - -2.
2
Evaluate 12 - -2 - (-27 + 34).
7
What is the value of (-1 - 3) + 5 + -2?
-1
Evaluate -10 - (9 - 16) - 5.
-8
Evaluate 1 + -3 - (3 + -2).
-3
What is (-2 + 8 - (13 + -8)) + -3?
-2
What is the value of -2 + (-16 + 9 - -7)?
-2
What is the value of (28 - 36) + (-1 - -6)?
-3
What is 0 - ((-5 - -5) + 5)?
-5
What is the value of 8 - (-4 + (0 - -10))?
2
Calculate 15 + -12 + (-5 + -6 - -4).
-4
Calculate -1 + (-1 - (-2 + -2)).
2
Calculate 2 + -2 + 0 + -2 + 2.
0
What is 5 + -12 + 5 - -5?
3
Evaluate (0 - -5) + -7 + 4 + 3.
5
5 + (-8 - -1) + -6
-8
What is -2 - (4 + -12 - (-11 - -3))?
-2
What is the value of (-3 - (-8 + 1)) + -6 + 0?
-2
Calculate 2 + 2 + (-4 - -5).
5
Calculate 2 - (-1 - (-2 + 3)).
4
What is -2 + 4 + -8 - -1?
-5
Calculate 7 + -7 + -6 + (-1 - 1).
-8
-1 + 5 + 1 + -11 + 8
2
Evaluate 4 - (-3 - -4 - 2).
5
Evaluate (1 - (-2 - 1)) + 1 - 3.
2
Evaluate -3 + -2 + (-3 + 3 - -5).
0
What is -171 - -167 - (-4 + -1)?
1
What is (-2 - 3) + 0 + 9?
4
What is -5 + (-5 - -19) + -18?
-9
Evaluate (-2 - -2) + 0 - 3.
-3
What is (15 - 12) + -13 + (-1 - -8)?
-3
What is the value of -28 + 18 + 11 + 6?
7
What is the value of 3 + -11 + (-1 - -4)?
-5
What is -50 - -39 - (-7 + 1)?
-5
Evaluate (2 - 8 - (6 + -9)) + -4.
-7
1 - ((-24 - -28) + (0 - 7))
4
(12 - 8) + (-1 - -3) + -5
1
5 + -2 - (15 - (12 + 7))
7
What is (-4 - (-12 + 4)) + 4?
8
What is 3 - ((-2 - 1) + 8)?
-2
Calculate 1 - (-6 - (-16 + 5)).
-4
7 - (-3 + 5 + -1)
6
Evaluate 3 + 6 + -10 + 1.
0
Calculate 5 - (-3 - (3 + -1) - -8).
2
Calculate (4 - 0) + (-3 - 4) - 3.
-6
Calculate (-4 - -23) + -23 - (1 + 2).
-7
Calculate -1 + 5 + (-5 - 1) + 5.
3
Evaluate (-1 - (-3 + 1)) + 3.
4
What is (1 - (-2 - 0)) + 1 + -3?
1
-5 - (2 - (-4 + 14))
3
Calculate -6 - -7 - -5 - 3.
3
What is -13 - ((-6 - 1) + -4)?
-2
What is the value of -4 - (-1 + (1 - 4))?
0
What is the value of 2 - (-16 + 12 + -1 + 7)?
0
Calculate 5 + (0 - (1 - 0)) + 0.
4
What is the value of 1 + 3 + (-4 - (-3 - 1))?
4
(3 - 11 - 0) + 8
0
-7 + (-9 + 9 - -8)
1
What is the value of 8 + -22 + (10 - -3)?
-1
Calculate 1 + 3 - (-4 + (7 - -10)).
-9
What is the value of -2 + 2 + -1 + 3 + -3?
-1
What is 0 + -7 + 6 - (-4 - 0)?
3
Evaluate 5 + (5 - 2 - 13).
-5
What is -3 - (6 - (-5 + 14))?
0
Evaluate (-1 - 6) + 18 + -15 + 3.
-1
Calculate (3 + -3 - -3) + (5 - 3).
5
Evaluate 5 - 14 - -21 - 19.
-7
Evaluate -2 + (-7 + 2 - (-4 + -2)).
-1
What is (5 - (1 - 1)) + -5?
0
-6 + (-3 - -10) - (-8 - -3)
6
What is the value of 10 + -1 - (-9 - -19)?
-1
What is (7 - 0) + (67 - 71)?
3
Calculate (2 + -9 - -5) + 2 + -2.
-2
Evaluate -8 - (-10 + (12 - 4)).
-6
What is -4 + 8 + -2 + 2?
4
What is the value of 0 - (25 + -20 + -4 + 2)?
-3
What is 4 - (2 + 4 + 1)?
-3
Calculate (2 - -5) + -6 + 3.
4
Calculate 2 + (1 - 6) - -8.
5
Calculate (0 - (3 - -1 - 6)) + 1.
3
Calculate 1 + 0 + 2 + 0 + -6.
-3
What is the value of 3 + 3 + (0 - 4)?
2
Calculate (18 - 16) + (0 - (-3 + 2)).
3
Evaluate (-11 - -7 - 4) + (-1 - -4).
-5
What is the value of (-2 - 2) + (2 - 1)?
-3
What is 4 - (-11 + 4 + 5)?
6
Calculate 0 - (0 - 2 - -2).
0
Evaluate 2 + (-23 - -26 - (11 - -2)).
-8
Calculate 2 + 4 + -5 + 3.
4
What is -4 + 4 - 1 - -3?
2
Calculate -1 + 3 - (5 - -1).
-4
What is the value of (6 - 8) + (0 - 0)?
-2
Evaluate -8 + 4 - (7 - -1) - -4.
-8
What is (3 - 3) + 1 - (2 - 0)?
-1
What is 4 + 2 - (6 + -3 + 6)?
-3
What is 0 + (-1 - (-2 + -3 + 2))?
2
Evaluate 25 + -21 + 0 + (1 - 6).
-1
What is 3 + 3 + 8 + -13 - -8?
9
What is the value of (3 - 1) + 10 + -13?
-1
Calculate -6 + (-2 + 0 - (-1 - 1)).
-6
What is the value of (8 - (7 + -6) - 9) + 5?
3
What is (1 - 3) + 40 + -35?
3
What is (2 - (-1 + 0)) + -8?
-5
Calculate (3 - 6) + -1 + 5.
1
Calculate (-1 - (4 + -4)) + -3.
-4
Calculate -9 + 10 - (2 + 1).
-2
Evaluate 0 + -2 + 4 + -5.
-3
Calculate -2 + 2 - (16 - (20 + -7)).
-3
Evaluate -127 + 132 - (5 - 1).
1
3 - (8 + 2 - (-15 + 18))
-4
Evaluate -8 + 19 + 3 + -11 - 2.
1
Evaluate -7 - (-12 - -7 - 0).
-2
(1 - 0) + -2 + -5
-6
What is the value of -4 + (6 - 2 - 1)?
-1
What is the value of -3 + -6 + (1 + 6 - 3)?
-5
Calculate 23 + (-14 - -3) + -16.
-4
What is (0 - (1 - 11) - 3) + -2?
5
What is (0 - (3 + -8)) + -7 + 3?
1
What is 3 + (3 - 4) + -1?
1
Calculate (2 - -2) + (0 - 7) + -1.
-4
Evaluate -13 - (14 + -29) - (-4 - -1).
5
Evaluate (6 - 10) + 5 - 4.
-3
What is 3 + 0 + 1 + 0?
4
What is (0 - 3) + 0 + 0?
-3
What is the value of -8 + 2 + -3 + 4?
-5
-10 - -12 - (1 + 0)
1
Evaluate 6 - (7 + 4 + -3 + 1).
-3
What is -4 + 2 + 0 + 6?
4
Calculate (-9 - -4) + 4 + 0.
-1
Evaluate (-8 + 6 - 5) + 6.
-1
Evaluate 1 - ((-2 - -5) + -3).
1
What is 0 + -6 + 2 + 1?
-3
Calculate 0 + 3 + -1 + -3 + 3.
2
-12 + -10 + 6 + 8
-8
Evaluate -1 + -3 - -7 - -2.
5
What is the value of -1 - 1 - (1 + 3 + -8)?
2
Evaluate 1 + 1 - 5 - (0 + 1).
-4
What is -5 + 0 - (1 - 5)?
-1
Evaluate 3 + -10 + 4 + 3 + -1.
-1
Evaluate 12 + -7 - -6 - 11.
0
(-3 - -1) + 0 + (1 - -1)
0
What is -3 - -5 - -2 - 5?
-1
What is (3 - -6) + (-6 - -2)?
5
What is the value of 6 - (-1 + 0 - -12)?
-5
1 + -4 + 9 - 3
3
What is the value of 1 + -2 - (-10 + (4 - 0))?
5
-4 + 5 + 0 + 3
4
Calculate 11 - (5 + 7) - (-1 + -1).
1
5 + (2 + 1 + -5 - -2)
5
What is the value of (-2 - (-2 - 2)) + -8 + 4?
-2
What is -5 + 1 + 5 + 2?
3
0 + (6 - (-2 + 4))
4
Evaluate -5 + 1 + -11 + 15 - 4.
-4
Evaluate 3 + 2 + -4 + 1.
2
Evaluate 14 + (6 - (23 + -10)).
7
6 + (6 - 6) + -4
2
5 - (0 - 2) - 4
3
What is -1 - (2 + (3 - 4) - 4)?
2
-1 + 5 - (5 - -1)
-2
Calculate (-2 - (-3 + 2 + -4)) + -1.
2
What is (12 - (-12 + 21)) + 1 + -2?
2
What is the value of 4 + 12 + -8 + -2?
6
Evaluate 2 + -3 + -3 + 7.
3
Evaluate 7 - (13 + -1 + -13 + 7).
1
Evaluate (3 - (4 - -1)) + -2.
-4
What is 4 - 2 - (17 - 19)?
4
What is the value of 0 - (6 + -2) - -2?
-2
What is (3 - 3 - -4 - 3) + 1?
2
Evaluate 0 + -5 + -3 + 15 - 2.
5
Evaluate 5 + (-4 - 0 - (-2 - 2)).
5
What is (3 - (-4 - (-2 - 5))) + -5?
-5
What is the value of 3 + 2 + -4 - 4?
-3
What is the value of 4 + 2 + -2 - 1?
3
(4 - 3) + (5 - 7)
-1
(16 - 11) + (-16 - (-2 - -2))
-11
What is (2 - -9) + -9 + -7?
-5
Evaluate -3 - (1 - (4 + (1 - 2))).
-1
Calculate (6 - (-2 - -1)) + -116 + 111.
2
What is -2 + -1 + 0 + 8 - 2?
3
What is -11 + 9 + (3 - 0)?
1
What is 2 + -3 - ((8 - 5) + -4)?
0
What is 5 + -3 + (7 - 4) + 1?
6
Calculate -4 + 1 + -1 - (-186 - -192).
-10
-5 + 10 + 5 + 4 + -10
4
What is the value of (7 + -6 - 5) + 11?
7
1 - (4 + 3) - (-4 + 0)
-2
What is the value of -4 + -4 - (-3 + 0 + 2)?
-7
Calculate 10 + (4 - (9 + 13)).
-8
-4 + 9 + (1 - (-2 + 3))
5
What is 10 + (-7 - 8) - (-2 + -4)?
1
What is the value of (11 - (-10 + 15)) + -10?
-4
What is 2 + (-2 + 4 - 4) + -2?
-2
Calculate (-10 - 10) + 10 + (2 - -1).
-7
What is -5 - -1 - (-2 + -1)?
-1
What is the value of 8 + (0 - (6 + -2))?
4
-4 + 2 - (-17 + 14)
1
Calculate (-6 - -6 - 4) + 7 - 5.
-2
What is (2 + -4 - -2) + 4?
4
What is the value of (0 - -9) + -6 - (10 + -5)?
-2
What is the value of -22 - -14 - (1 + -14)?
5
(-2 - -9 - (23 + -27)) + -3
8
(-1 + 1 - -7) + -2
5
Calculate -2 + 6 - (-8 - -13).
-1
What is 2 - (-2 + 9) - -2?
-3
Evaluate 8 + (2 - 9 - 3).
-2
-2 + -3 + 2 + (7 - 1)
3
Calculate -5 + -1 - (-5 + -3 + 4).
-2
Calculate -1 + -1 + (21 - 21).
-2
-4 - (3 - 4) - -7
4
What 